er?
False
Is 385289971 a composite number?
True
Is 15212777 a prime number?
True
Is 8330659 prime?
True
Is 14152409 prime?
True
Is 259444205 composite?
True
Is 972903 a prime number?
False
Is 81247315 composite?
True
Is 402111091 a prime number?
True
Is 8297689 prime?
True
Is 4504441 a prime number?
True
Is 26807057 composite?
False
Is 94966367 composite?
True
Is 43284443 a prime number?
False
Is 14954189 composite?
False
Is 21684119 prime?
False
Is 272150771 prime?
True
Is 28957247 a prime number?
False
Is 2899261 prime?
True
Is 7592581 a prime number?
False
Is 15654157 a composite number?
True
Is 845213 a prime number?
False
Is 70544921 prime?
True
Is 7152619 prime?
True
Is 16359743 a composite number?
False
Is 7750733 composite?
False
Is 15479977 composite?
True
Is 156692207 a prime number?
False
Is 49183973 prime?
False
Is 34810001 prime?
False
Is 162938431 a prime number?
False
Is 47519431 a prime number?
True
Is 312269 a prime number?
True
Is 43092631 prime?
False
Is 521201 prime?
True
Is 1380767 a composite number?
True
Is 2730673 a prime number?
False
Is 1886879 a composite number?
True
Is 848321 a composite number?
False
Is 27012647 prime?
False
Is 19970263 prime?
False
Is 56556859 prime?
True
Is 13413887 a prime number?
False
Is 6046811 composite?
True
Is 270079 composite?
True
Is 49295091 a prime number?
False
Is 17718527 prime?
True
Is 17901197 a prime number?
True
Is 104613 a composite number?
True
Is 554103713 prime?
True
Is 618199 prime?
True
Is 7494917 a composite number?
False
Is 20002061 composite?
False
Is 135257 composite?
False
Is 160375283 a composite number?
True
Is 142409 prime?
False
Is 548905701 a composite number?
True
Is 147853 a prime number?
True
Is 8996113 a prime number?
False
Is 2254643 a composite number?
False
Is 15708137 a prime number?
True
Is 8547871 a prime number?
True
Is 14219365 a composite number?
True
Is 5165621 a composite number?
False
Is 8158207 a prime number?
False
Is 63553247 a composite number?
False
Is 59779 a composite number?
False
Is 5302837 a prime number?
True
Is 480671 a composite number?
True
Is 172652309 composite?
True
Is 6682007 a composite number?
False
Is 736429 composite?
False
Is 61566893 a prime number?
False
Is 140783219 a composite number?
False
Is 9336911 prime?
True
Is 56834851 a prime number?
True
Is 6517045 prime?
False
Is 303138191 a prime number?
True
Is 7382483 a prime number?
False
Is 17502383 a composite number?
True
Is 12923131 a prime number?
False
Is 1190303 a prime number?
False
Is 1269006403 a prime number?
False
Is 93892595 prime?
False
Is 224568537 a composite number?
True
Is 106609879 a prime number?
True
Is 2155999 a prime number?
True
Is 1624241 a composite number?
False
Is 68334599 composite?
False
Is 1757279 a prime number?
False
Is 1453871 prime?
True
Is 88438561 a composite number?
False
Is 142588289 composite?
True
Is 426563 prime?
True
Is 973891 prime?
True
Is 2864899 a prime number?
False
Is 21560109 prime?
False
Is 28033259 composite?
True
Is 892319 a prime number?
False
Is 5857399 a prime number?
True
Is 104650787 a composite number?
False
Is 1966013 composite?
True
Is 396003 composite?
True
Is 513652067 a prime number?
False
Is 1020223 prime?
True
Is 47785471 a composite number?
True
Is 12518329 composite?
False
Is 761993 composite?
False
Is 700893091 a prime number?
False
Is 853003 composite?
True
Is 40516013 composite?
True
Is 17577709 a composite number?
False
Is 12157043 prime?
False
Is 126229231 prime?
False
Is 1101047 prime?
False
Is 351200947 prime?
True
Is 56746757 composite?
False
Is 7378229 composite?
False
Is 1697141 prime?
False
Is 4656331 composite?
False
Is 39390229 prime?
False
Is 63864979 a composite number?
True
Is 3111107 a composite number?
False
Is 72744895 prime?
False
Is 93408521 a prime number?
True
Is 125465221 a prime number?
False
Is 15977737 composite?
False
Is 742783 a composite number?
False
Is 212746927 a composite number?
False
Is 120049459 a prime number?
False
Is 5456201 prime?
False
Is 1374619 prime?
True
Is 67689861 composite?
True
Is 19333759 prime?
True
Is 270462271 a composite number?
False
Is 314971 a prime number?
False
Is 101737637 a composite number?
False
Is 299397551 prime?
True
Is 4363378 prime?
False
Is 48920363 a composite number?
True
Is 1521791 a composite number?
False
Is 365622137 a composite number?
True
Is 5245507 prime?
False
Is 11438381 prime?
False
Is 94254623 a prime number?
True
Is 14688899 composite?
True
Is 916733 a prime number?
True
Is 535169 a composite number?
False
Is 4008131 a composite number?
False
Is 48911659 a prime number?
False
Is 10302211 a prime number?
True
Is 2466041 prime?
True
Is 58902589 a prime number?
True
Is 2464399 prime?
False
Is 23514371 prime?
True
Is 259468067 a prime number?
False
Is 998311 composite?
False
Is 13541651 a composite number?
False
Is 3372113 a prime number?
False
Is 10482286 prime?
False
Is 2542843 a composite number?
True
Is 5724611 a composite number?
False
Is 172137757 prime?
False
Is 25403759 prime?
True
Is 864859 a composite number?
True
Is 22264654 a composite number?
True
Is 7314247 prime?
False
Is 348002561 a composite number?
False
Is 101414311 composite?
False
Is 2182147 a prime number?
False
Is 56935901 composite?
True
Is 485848351 a composite number?
True
Is 46394287 a prime number?
False
Is 6647077 prime?
True
Is 5979893 a composite number?
False
Is 49871 a prime number?
True
Is 7556303 prime?
False
Is 4593569 a prime number?
True
Is 6610921 composite?
True
Is 70274111 prime?
True
Is 24424303 a composite number?
False
Is 26231993 a prime number?
True
Is 81541297 a prime number?
True
Is 915319 composite?
True
Is 425974777 a composite number?
False
Is 78270799 composite?
True
Is 44758741 composite?
False
Is 10268387 composite?
False
Is 98740393 prime?
True
Is 54915467 a composite number?
True
Is 5634283 prime?
True
Is 16361357 a composite number?
True
Is 166502851 prime?
True
Is 9881231 composite?
False
Is 14661421 a prime number?
True
Is 249745049 a composite number?
True
Is 3835961 prime?
False
Is 1062741 composite?
True
Is 378054557 composite?
False
Is 871393 a composite number?
False
Is 28811597 composite?
True
Is 11208713 a composite number?
True
Is 45540481 prime?
False
Is 167116331 composite?
False
Is 2497067 a prime number?
True
Is 53835667 composite?
True
Is 233108171 a prime number?
True
Is 15926821 prime?
True
Is 407441 a composite number?
True
Is 80949299 prime?
False
Is 37663 prime?
True
Is 11434717 a prime number?
False
Is 32952509 prime?
True
Is 258427502 prime?
False
Is 24106097 a prime number?
True
Is 75825167 a prime number?
False
Is 43454371 a composite number?
False
Is 1796233 a composite number?
True
Is 116285671 composite?
False
Is 1304479 composite?
True
Is 394531 prime?
False
Is 21589597 a composite number?
False
Is 21466349 composite?
False
Is 403550255 a prime number?
False
Is 483626501 prime?
True
Is 291445391 composite?
False
Is 1302269 a composite number?
False
Is 3379153 a prime number?
False
Is 20203409 prime?
False
Is 337702 prime?
False
Is 4364621 a composite number?
False
Is 27706727 prime?
False
Is 184770829 composite?
False
Is 323429341 prime?
True
Is 35449361 a prime number?
False
Is 62427593 a prime number?
False
Is 5966581 a prime number?
False
Is 77899 prime?
True
Is 155156069 a prime number?
False
Is 2448671 prime?
True
Is 368611 composite?
True
Is 26664283 prime?
False
Is 1083739 a composite number?
True
Is 8566399 composite?
False
Is 3041581 composite?
False
Is 21750551 composite?
True
Is 58531589 prime?
True
Is 64274153 composite?
False
Is 91691561 prime?
False
Is 7102367 composite?
False
Is 15955853 composite?
True
Is 162251099 a prime number?
True
Is 73393211 a composite number?
False
Is 94148323 a composite number?
True
Is 1604489 a prime number?
False
Is 294629 a prime number?
True
Is 24219467 a composite number?
False
Is 686723 composite?
False
Is 13197281 composite?
False
Is 676923031 composite?
False
Is 10767631 composite?
True
Is 191599 a composite number?
False
Is 55440419 a composite number?
True
Is 595570273 a composite number?
False
Is 25083797 prime?
True
Is 28225955 prime?
False
Is 608898478 prime?
False
Is 16209311 a composite number?
True
Is 523442 a composite number?
True